{"id":285,"date":"2015-10-27T10:25:59","date_gmt":"2015-10-27T09:25:59","guid":{"rendered":"http:\/\/wptest.bkr-support.de\/?page_id=285"},"modified":"2022-11-24T13:02:07","modified_gmt":"2022-11-24T12:02:07","slug":"intranet-anwendungen","status":"publish","type":"page","link":"\/clickandbuilds\/mbbusinesssoftware\/intranet-anwendungen\/","title":{"rendered":"Intranet Anwendungen"},"content":{"rendered":"<p><span style=\"font-family: 'Open Sans';\"><div style=\"background-color:#f5f5f5; color:#333333;\" class=\"lts_section \"><div class=\"lts_section_body\"><\/span><\/p>\n<h1><span style=\"font-family: 'Open Sans';\">Wir entwickeln Individualsoftware<\/span><\/h1>\n<p><span style=\"font-family: 'Open Sans';\">Sie bestimmen die Funktionsweise Ihrer Anwendung und nicht umgekehrt. Wir sind in der Lage nahezu alle erdenklichen Problemstellungen abzubilden. An dieser Stelle wollen wir lediglich beschreiben, welche L\u00f6sungen wir schon entwickelt haben bzw. in welchen Teilaspekten wir uns besonders zuhause f\u00fchlen:<\/span><\/p>\n<h2><span style=\"font-family: 'Open Sans';\"><strong>Typische Inhalte unsere Projekte<\/strong><\/span><\/h2>\n<ul>\n<li><span style=\"font-family: 'Open Sans';\">Umsetzung individueller Kundenw\u00fcnsche \/ Unterst\u00fctzung Ihrer Prozesse<\/span><\/li>\n<li><span style=\"font-family: 'Open Sans';\">Unterst\u00fctzung und Optimierung Ihres spezifischen Workflows im administrativen Bereich z. B.<\/span>\n<ul>\n<li><span style=\"font-family: 'Open Sans';\">Projektmanagement<\/span><\/li>\n<li><span style=\"font-family: 'Open Sans';\">Controlling<\/span><\/li>\n<li><span style=\"font-family: 'Open Sans';\">Qualit\u00e4tsmanagement<\/span><\/li>\n<li><span style=\"font-family: 'Open Sans';\">Angebotsunterst\u00fctzung<\/span><\/li>\n<li><span style=\"font-family: 'Open Sans';\">Ressourcenmanagement<\/span><\/li>\n<li><span style=\"font-family: 'Open Sans';\">Ma\u00dfnahmen-Tracking<\/span><\/li>\n<li><span style=\"font-family: 'Open Sans';\">Management-Informationssysteme<\/span><\/li>\n<li><span style=\"font-family: 'Open Sans';\">Fr\u00fchwarnsysteme<\/span><\/li>\n<li><span style=\"font-family: 'Open Sans';\">Produktionsdaten-Analyse<\/span><\/li>\n<\/ul>\n<\/li>\n<li><span style=\"font-family: 'Open Sans';\">Beliebige Rollendefinitionen mit individuellem Benutzerprofil (Sichten, Rechte, Analysen, Spezialfunktionen, Unterst\u00fctzung der gewohnten Authentifizierung)<\/span><\/li>\n<li><span style=\"font-family: 'Open Sans';\">Leicht bedienbare, prozessoptimierte Oberfl\u00e4che<\/span><\/li>\n<li><span style=\"font-family: 'Open Sans';\">Flexible Reportgenerierung (Charts, Excel, PDF, &#8230;)<\/span><\/li>\n<\/ul>\n<p><span style=\"font-family: 'Open Sans';\"><\/div><\/div><\/span><\/p>\n<p>&nbsp;<\/p>\n<p><span style=\"font-family: 'Open Sans';\"><div style=\"background-color:#f5f5f5; color:#333333;\" class=\"lts_section \"><div class=\"lts_section_body\"><\/span><\/p>\n<h1><span style=\"font-family: 'Open Sans';\">Technische Realisierung<\/span><\/h1>\n<p><span style=\"font-family: 'Open Sans';\">Die Software, die wir f\u00fcr Sie entwickeln hat in der Regel zwei wesentliche Aspekte:<\/span><\/p>\n<h2><span style=\"font-family: 'Open Sans';\"><strong>1. Es handelt sich um eine Intranet \/ Internet Anwendung<\/strong><\/span><\/h2>\n<p><span style=\"font-family: 'Open Sans';\">Das bedeutet direkten Zugriff aller Anwender \u00fcber Ihr Intranet. Alle Anwender nutzen somit gleiche Features und gleiche Programmversionen. Clients, auf denen die Software angewendet wird, ben\u00f6tigen keine aufwendigen Erweiterungen oder Einrichtungen durch einen Administrator. Die Anwendung wird im Internetbrowser bedient.<\/span><br \/>\n<span style=\"font-family: 'Open Sans';\">Nutzungsrechte Ihrer Mitarbeiter werden einfach und in &#8222;Echtzeit&#8220; verwaltet. Eine Integration in Ihre globalen Adressdatenbanken ist m\u00f6glich. Und zentral Software-Aktualisierungen vorzunehmen (statt Updates auszuliefern), bietet weitere Vorteile:<\/span><\/p>\n<ul>\n<li><span style=\"font-family: 'Open Sans';\">\u00c4nderungen sind f\u00fcr alle Anwender unmittelbar nach der Programmierung anwendbar &#8211; es f\u00e4llt keine Wartezeit an, bis die Anwender die Software nutzen k\u00f6nnen<\/span><\/li>\n<li><span style=\"font-family: 'Open Sans';\">Keine Verteilungskosten f\u00fcr CD\u00b4s oder Rundmails an die Anwender<\/span><\/li>\n<li><span style=\"font-family: 'Open Sans';\">Die Update-Installation kann nicht mehr vergessen werden. Keine alten Masken oder \u00fcberfl\u00fcssig gewordene Eingabefelder mehr auf einzelnen Clients<\/span><\/li>\n<li><span style=\"font-family: 'Open Sans';\">Ver\u00e4nderungen lassen sich stichtagbezogen f\u00fcr alle Anwender verf\u00fcgbar machen.<\/span><\/li>\n<\/ul>\n<h2><span style=\"font-family: 'Open Sans';\"><strong>2. Die L\u00f6sung nutzt zur Informationsablage eine Datenbank<\/strong><\/span><\/h2>\n<ul>\n<li><span style=\"font-family: 'Open Sans';\">Alle Anwender k\u00f6nnen im Vergleich zu Excel gleichzeitig auf die Daten zugreifen<\/span><\/li>\n<li><span style=\"font-family: 'Open Sans';\">Alle Anwender haben den gleichen Datenbestand<\/span><\/li>\n<li><span style=\"font-family: 'Open Sans';\">Unn\u00f6tige &#8222;Doppeleingaben&#8220; von Daten. (z.B. Firmenstammdaten) entfallen<\/span><\/li>\n<\/ul>\n<p><span style=\"font-family: 'Open Sans';\"><\/div><\/div><\/span><\/p>\n<p>&nbsp;<\/p>\n","protected":false},"excerpt":{"rendered":"<p>&nbsp; &nbsp;<\/p>\n","protected":false},"author":5,"featured_media":0,"parent":0,"menu_order":0,"comment_status":"closed","ping_status":"closed","template":"","meta":[],"yoast_head":"<!-- This site is optimized with the Yoast SEO plugin v19.14 - https:\/\/yoast.com\/wordpress\/plugins\/seo\/ -->\n<title>Intranet Anwendungen - Wir entwickeln Individualsoftware<\/title>\n<meta name=\"description\" content=\"Intranet Anwendungen - Wir entwickeln Individualsoftware Sie bestimmen die Funktionsweise Ihrer Anwendung und nicht umgekehrt. Wir sind in der Lage nahezu alle erdenklichen Problemstellungen abzubilden.\" \/>\n<meta name=\"robots\" content=\"index, follow, max-snippet:-1, max-image-preview:large, max-video-preview:-1\" \/>\n<link rel=\"canonical\" href=\"http:\/\/clickandbuilds\/mbbusinesssoftware\/intranet-anwendungen\/clickandbuilds\/mbbusinesssoftware\/intranet-anwendungen\/\" \/>\n<meta property=\"og:locale\" content=\"de_DE\" \/>\n<meta property=\"og:type\" content=\"article\" \/>\n<meta property=\"og:title\" content=\"Intranet Anwendungen - Wir entwickeln Individualsoftware\" \/>\n<meta property=\"og:description\" content=\"Intranet Anwendungen - Wir entwickeln Individualsoftware Sie bestimmen die Funktionsweise Ihrer Anwendung und nicht umgekehrt. Wir sind in der Lage nahezu alle erdenklichen Problemstellungen abzubilden.\" \/>\n<meta property=\"og:url\" content=\"\/clickandbuilds\/mbbusinesssoftware\/intranet-anwendungen\/\" \/>\n<meta property=\"og:site_name\" content=\"mb-business-software\" \/>\n<meta property=\"article:modified_time\" content=\"2022-11-24T12:02:07+00:00\" \/>\n<meta name=\"twitter:card\" content=\"summary_large_image\" \/>\n<meta name=\"twitter:label1\" content=\"Gesch\u00e4tzte Lesezeit\" \/>\n\t<meta name=\"twitter:data1\" content=\"2\u00a0Minuten\" \/>\n<script type=\"application\/ld+json\" class=\"yoast-schema-graph\">{\"@context\":\"https:\/\/schema.org\",\"@graph\":[{\"@type\":\"WebPage\",\"@id\":\"\/clickandbuilds\/mbbusinesssoftware\/intranet-anwendungen\/\",\"url\":\"clickandbuilds\/mbbusinesssoftware\/intranet-anwendungen\/clickandbuilds\/mbbusinesssoftware\/intranet-anwendungen\/\",\"name\":\"Intranet Anwendungen - Wir entwickeln Individualsoftware\",\"isPartOf\":{\"@id\":\"\/clickandbuilds\/mbbusinesssoftware\/#website\"},\"datePublished\":\"2015-10-27T09:25:59+00:00\",\"dateModified\":\"2022-11-24T12:02:07+00:00\",\"description\":\"Intranet Anwendungen - Wir entwickeln Individualsoftware Sie bestimmen die Funktionsweise Ihrer Anwendung und nicht umgekehrt. Wir sind in der Lage nahezu alle erdenklichen Problemstellungen abzubilden.\",\"breadcrumb\":{\"@id\":\"clickandbuilds\/mbbusinesssoftware\/intranet-anwendungen\/clickandbuilds\/mbbusinesssoftware\/intranet-anwendungen\/#breadcrumb\"},\"inLanguage\":\"de\",\"potentialAction\":[{\"@type\":\"ReadAction\",\"target\":[\"clickandbuilds\/mbbusinesssoftware\/intranet-anwendungen\/clickandbuilds\/mbbusinesssoftware\/intranet-anwendungen\/\"]}]},{\"@type\":\"BreadcrumbList\",\"@id\":\"clickandbuilds\/mbbusinesssoftware\/intranet-anwendungen\/clickandbuilds\/mbbusinesssoftware\/intranet-anwendungen\/#breadcrumb\",\"itemListElement\":[{\"@type\":\"ListItem\",\"position\":1,\"name\":\"Startseite\",\"item\":\"\/clickandbuilds\/mbbusinesssoftware\/\"},{\"@type\":\"ListItem\",\"position\":2,\"name\":\"Intranet Anwendungen\"}]},{\"@type\":\"WebSite\",\"@id\":\"\/clickandbuilds\/mbbusinesssoftware\/#website\",\"url\":\"\/clickandbuilds\/mbbusinesssoftware\/\",\"name\":\"mb-business-software\",\"description\":\"MB Business Software - Perfekt auf Sie zugeschnitten\",\"publisher\":{\"@id\":\"\/clickandbuilds\/mbbusinesssoftware\/#organization\"},\"potentialAction\":[{\"@type\":\"SearchAction\",\"target\":{\"@type\":\"EntryPoint\",\"urlTemplate\":\"\/clickandbuilds\/mbbusinesssoftware\/?s={search_term_string}\"},\"query-input\":\"required name=search_term_string\"}],\"inLanguage\":\"de\"},{\"@type\":\"Organization\",\"@id\":\"\/clickandbuilds\/mbbusinesssoftware\/#organization\",\"name\":\"MB Business Software\",\"url\":\"\/clickandbuilds\/mbbusinesssoftware\/\",\"logo\":{\"@type\":\"ImageObject\",\"inLanguage\":\"de\",\"@id\":\"\/clickandbuilds\/mbbusinesssoftware\/#\/schema\/logo\/image\/\",\"url\":\"https:\/\/mb-business-software.de\/wp-content\/uploads\/2019\/05\/icon_MBBS.png\",\"contentUrl\":\"https:\/\/mb-business-software.de\/wp-content\/uploads\/2019\/05\/icon_MBBS.png\",\"width\":149,\"height\":115,\"caption\":\"MB Business Software\"},\"image\":{\"@id\":\"\/clickandbuilds\/mbbusinesssoftware\/#\/schema\/logo\/image\/\"}}]}<\/script>\n<!-- \/ Yoast SEO plugin. -->","yoast_head_json":{"title":"Intranet Anwendungen - Wir entwickeln Individualsoftware","description":"Intranet Anwendungen - Wir entwickeln Individualsoftware Sie bestimmen die Funktionsweise Ihrer Anwendung und nicht umgekehrt. Wir sind in der Lage nahezu alle erdenklichen Problemstellungen abzubilden.","robots":{"index":"index","follow":"follow","max-snippet":"max-snippet:-1","max-image-preview":"max-image-preview:large","max-video-preview":"max-video-preview:-1"},"canonical":"clickandbuilds\/mbbusinesssoftware\/intranet-anwendungen\/clickandbuilds\/mbbusinesssoftware\/intranet-anwendungen\/","og_locale":"de_DE","og_type":"article","og_title":"Intranet Anwendungen - Wir entwickeln Individualsoftware","og_description":"Intranet Anwendungen - Wir entwickeln Individualsoftware Sie bestimmen die Funktionsweise Ihrer Anwendung und nicht umgekehrt. Wir sind in der Lage nahezu alle erdenklichen Problemstellungen abzubilden.","og_url":"\/clickandbuilds\/mbbusinesssoftware\/intranet-anwendungen\/","og_site_name":"mb-business-software","article_modified_time":"2022-11-24T12:02:07+00:00","twitter_card":"summary_large_image","twitter_misc":{"Gesch\u00e4tzte Lesezeit":"2\u00a0Minuten"},"schema":{"@context":"https:\/\/schema.org","@graph":[{"@type":"WebPage","@id":"\/clickandbuilds\/mbbusinesssoftware\/intranet-anwendungen\/","url":"clickandbuilds\/mbbusinesssoftware\/intranet-anwendungen\/clickandbuilds\/mbbusinesssoftware\/intranet-anwendungen\/","name":"Intranet Anwendungen - Wir entwickeln Individualsoftware","isPartOf":{"@id":"\/clickandbuilds\/mbbusinesssoftware\/#website"},"datePublished":"2015-10-27T09:25:59+00:00","dateModified":"2022-11-24T12:02:07+00:00","description":"Intranet Anwendungen - Wir entwickeln Individualsoftware Sie bestimmen die Funktionsweise Ihrer Anwendung und nicht umgekehrt. Wir sind in der Lage nahezu alle erdenklichen Problemstellungen abzubilden.","breadcrumb":{"@id":"clickandbuilds\/mbbusinesssoftware\/intranet-anwendungen\/clickandbuilds\/mbbusinesssoftware\/intranet-anwendungen\/#breadcrumb"},"inLanguage":"de","potentialAction":[{"@type":"ReadAction","target":["clickandbuilds\/mbbusinesssoftware\/intranet-anwendungen\/clickandbuilds\/mbbusinesssoftware\/intranet-anwendungen\/"]}]},{"@type":"BreadcrumbList","@id":"clickandbuilds\/mbbusinesssoftware\/intranet-anwendungen\/clickandbuilds\/mbbusinesssoftware\/intranet-anwendungen\/#breadcrumb","itemListElement":[{"@type":"ListItem","position":1,"name":"Startseite","item":"\/clickandbuilds\/mbbusinesssoftware\/"},{"@type":"ListItem","position":2,"name":"Intranet Anwendungen"}]},{"@type":"WebSite","@id":"\/clickandbuilds\/mbbusinesssoftware\/#website","url":"\/clickandbuilds\/mbbusinesssoftware\/","name":"mb-business-software","description":"MB Business Software - Perfekt auf Sie zugeschnitten","publisher":{"@id":"\/clickandbuilds\/mbbusinesssoftware\/#organization"},"potentialAction":[{"@type":"SearchAction","target":{"@type":"EntryPoint","urlTemplate":"\/clickandbuilds\/mbbusinesssoftware\/?s={search_term_string}"},"query-input":"required name=search_term_string"}],"inLanguage":"de"},{"@type":"Organization","@id":"\/clickandbuilds\/mbbusinesssoftware\/#organization","name":"MB Business Software","url":"\/clickandbuilds\/mbbusinesssoftware\/","logo":{"@type":"ImageObject","inLanguage":"de","@id":"\/clickandbuilds\/mbbusinesssoftware\/#\/schema\/logo\/image\/","url":"https:\/\/mb-business-software.de\/wp-content\/uploads\/2019\/05\/icon_MBBS.png","contentUrl":"https:\/\/mb-business-software.de\/wp-content\/uploads\/2019\/05\/icon_MBBS.png","width":149,"height":115,"caption":"MB Business Software"},"image":{"@id":"\/clickandbuilds\/mbbusinesssoftware\/#\/schema\/logo\/image\/"}}]}},"_links":{"self":[{"href":"\/clickandbuilds\/mbbusinesssoftware\/wp-json\/wp\/v2\/pages\/285"}],"collection":[{"href":"\/clickandbuilds\/mbbusinesssoftware\/wp-json\/wp\/v2\/pages"}],"about":[{"href":"\/clickandbuilds\/mbbusinesssoftware\/wp-json\/wp\/v2\/types\/page"}],"author":[{"embeddable":true,"href":"\/clickandbuilds\/mbbusinesssoftware\/wp-json\/wp\/v2\/users\/5"}],"replies":[{"embeddable":true,"href":"\/clickandbuilds\/mbbusinesssoftware\/wp-json\/wp\/v2\/comments?post=285"}],"version-history":[{"count":32,"href":"\/clickandbuilds\/mbbusinesssoftware\/wp-json\/wp\/v2\/pages\/285\/revisions"}],"predecessor-version":[{"id":641,"href":"\/clickandbuilds\/mbbusinesssoftware\/wp-json\/wp\/v2\/pages\/285\/revisions\/641"}],"wp:attachment":[{"href":"\/clickandbuilds\/mbbusinesssoftware\/wp-json\/wp\/v2\/media?parent=285"}],"curies":[{"name":"wp","href":"https:\/\/api.w.org\/{rel}","templated":true}]}}